6
What is the thousands digit of 1199?
1
What is the units digit of 25515?
5
What is the thousands digit of 3271?
3
What is the hundreds digit of 17683?
6
What is the units digit of 5054?
4
What is the hundreds digit of 854?
8
What is the tens digit of 54798?
9
What is the units digit of 15434?
4
What is the units digit of 82724?
4
What is the hundreds digit of 619?
6
What is the hundreds digit of 30546?
5
What is the thousands digit of 2506?
2
What is the units digit of 8719?
9
What is the units digit of 8111?
1
What is the thousands digit of 4934?
4
What is the tens digit of 2054?
5
What is the tens digit of 1377?
7
What is the tens digit of 17020?
2
What is the hundreds digit of 6557?
5
What is the thousands digit of 102518?
2
What is the thousands digit of 21237?
1
What is the ten thousands digit of 10422?
1
What is the thousands digit of 17587?
7
What is the tens digit of 924?
2
What is the units digit of 1233?
3
What is the hundreds digit of 802?
8
What is the units digit of 803?
3
What is the units digit of 35951?
1
What is the hundreds digit of 23220?
2
What is the thousands digit of 16591?
6
What is the thousands digit of 4069?
4
What is the thousands digit of 116601?
6
What is the units digit of 66?
6
What is the units digit of 7260?
0
What is the units digit of 1506?
6
What is the tens digit of 2469?
6
What is the tens digit of 2368?
6
What is the units digit of 8328?
8
What is the hundreds digit of 102719?
7
What is the thousands digit of 24260?
4
What is the tens digit of 17178?
7
What is the thousands digit of 2450?
2
What is the thousands digit of 40620?
0
What is the thousands digit of 1672?
1
What is the hundreds digit of 9768?
7
What is the thousands digit of 1370?
1
What is the tens digit of 136?
3
What is the tens digit of 55075?
7
What is the tens digit of 25810?
1
What is the hundreds digit of 1593?
5
What is the tens digit of 2789?
8
What is the units digit of 4151?
1
What is the units digit of 18956?
6
What is the units digit of 3153?
3
What is the units digit of 23440?
0
What is the thousands digit of 2421?
2
What is the tens digit of 16503?
0
What is the ten thousands digit of 43519?
4
What is the thousands digit of 2935?
2
What is the ten thousands digit of 18540?
1
What is the tens digit of 1190?
9
What is the thousands digit of 23007?
3
What is the hundreds digit of 16463?
4
What is the ten thousands digit of 18165?
1
What is the units digit of 2747?
7
What is the hundreds digit of 1524?
5
What is the units digit of 21444?
4
What is the units digit of 5351?
1
What is the hundreds digit of 555?
5
What is the ten thousands digit of 43643?
4
What is the units digit of 709?
9
What is the hundreds digit of 4916?
9
What is the hundreds digit of 32808?
8
What is the units digit of 34857?
7
What is the thousands digit of 73774?
3
What is the hundreds digit of 3522?
5
What is the units digit of 330?
0
What is the tens digit of 1971?
7
What is the hundreds digit of 6743?
7
What is the units digit of 24?
4
What is the units digit of 152157?
7
What is the units digit of 347?
7
What is the thousands digit of 23255?
3
What is the units digit of 3578?
8
What is the tens digit of 956?
5
What is the tens digit of 1315?
1
What is the units digit of 347?
7
What is the hundreds digit of 31222?
2
What is the thousands digit of 27579?
7
What is the hundreds digit of 160805?
8
What is the thousands digit of 1569?
1
What is the thousands digit of 1102?
1
What is the hundreds digit of 5694?
6
What is the tens digit of 436?
3
What is the units digit of 6028?
8
What is the tens digit of 786?
8
What is the ten thousands digit of 22659?
2
What is the ten thousands digit of 10519?
1
What is the units digit of 2784?
4
What is the ten thousands digit of 31581?
3
What is the hundreds digit of 8001?
0
What is the ten thousands digit of 60282?
6
What is the tens digit of 583?
8
What is the hundreds digit of 12990?
9
What is the thousands digit of 10496?
0
What is the thousands digit of 3675?
3
What is the units digit of 9577?
7
What is the hundreds digit of 1997?
9
What is the hundreds digit of 832?
8
What is the hundreds digit of 999?
9
What is the hundreds digit of 908?
9
What is the units digit of 1362?
2
What is the hundreds digit of 9602?
6
What is the thousands digit of 12308?
2
What is the thousands digit of 84570?
4
What is the tens digit of 1369?
6
What is the units digit of 589?
9
What is the units digit of 8750?
0
What is the tens digit of 936?
3
What is the hundreds digit of 4893?
8
What is the tens digit of 608?
0
What is the tens digit of 21054?
5
What is the hundreds digit of 981?
9
What is the hundreds digit of 2514?
5
What is the hundreds digit of 924?
9
What is the units digit of 1011?
1
What is the units digit of 2695?
5
What is the tens digit of 6052?
5
What is the tens digit of 4751?
5
What is the units digit of 110?
0
What is the tens digit of 86681?
8
What is the ten thousands digit of 99953?
9
What is the units digit of 58981?
1
What is the units digit of 115512?
2
What is the hundreds digit of 3277?
2
What is the units digit of 14242?
2
What is the units digit of 12403?
3
What is the thousands digit of 37784?
7
What is the units digit of 816?
6
What is the thousands digit of 11749?
1
What is the units digit of 5357?
7
What is the hundreds digit of 1811?
8
What is the thousands digit of 8626?
8
What is the hundreds digit of 2261?
2
What is the ten thousands digit of 61197?
6
What is the tens digit of 2846?
4
What is the units digit of 10666?
6
What is the units digit of 6459?
9
What is the units digit of 728?
8
What is the units digit of 148468?
8
What is the tens digit of 331?
3
What is the hundreds digit of 1664?
6
What is the thousands digit of 2164?
2
What is the units digit of 413?
3
What is the units digit of 3235?
5
What is the thousands digit of 1268?
1
What is the units digit of 11233?
3
What is the hundreds digit of 6123?
1
What is the units digit of 9245?
5
What is the hundreds digit of 38577?
5
What is the thousands digit of 4684?
4
What is the hundreds digit of 149920?
9
What is the thousands digit of 6384?
6
What is the hundreds digit of 2661?
6
What is the units digit of 3467?
7
What is the tens digit of 67444?
4
What is the units digit of 69147?
7
What is the units digit of 38105?
5
What is the thousands digit of 8456?
8
What is the ten thousands digit of 15674?
1
What is the hundreds digit of 1025?
0
What is the units digit of 5678?
8
What is the ten thousands digit of 38773?
3
What is the tens digit of 1882?
8
What is the hundreds digit of 2114?
1
What is the units digit of 90?
0
What is the hundreds digit of 853?
8
What is the ten thousands digit of 41402?
4
What is the tens digit of 9452?
5
What is the hundreds digit of 7222?
2
What is the thousands digit of 9476?
9
What is the thousands digit of 5257?
5
What is the thousands digit of 2904?
2
What is the thousands digit of 40642?
0
What is the units digit of 4145?
5
What is the tens digit of 905?
0
What is the tens digit of 227?
2
What is the hundreds digit of 2916?
9
What is the units digit of 114112?
2
What is the hundreds digit of 2292?
2
What is the hundreds digit of 1088?
0
What is the units digit of 5134?
4
What is the hundreds digit of 6610?
6
What is the units digit of 14362?
2
What is the ten thousands digit of 14596?
1
What is the hundreds digit of 18826?
8
What is the thousands digit of 11908?
1
What is the thousands digit of 73011?
3
What is the units digit of 26951?
1
What is the hundreds digit of 5783?
7
What is the thousands digit of 6203?
6
What is the units digit of 78064?
4
What is the tens digit of 1733?
3
What is the tens digit of 28726?
2
What is the units digit of 8663?
3
What is the units digit of 2929?
9
What is the tens digit of 7429?
2
What is the hundreds digit of 1911?
9
What is the thousands digit of 19242?
9
What is the units digit of 2431?
1
What is the units digit of 1587?
7
What is the tens digit of 8434?
3
What is the thousands digit of 2128?
2
What is the units digit of 472?
2
What is the hundreds digit of 29867?
8
What is the tens digit of 450?
5
What is the thousands digit of 5779?
5
What is the units digit of 64?
4
What is the hundreds digit of 2727?
7
What is the ten thousands digit of 41628?
4
What is the units 